{"id":9,"date":"2013-03-23T21:03:44","date_gmt":"2013-03-23T20:03:44","guid":{"rendered":"http:\/\/www.ecuriesdes3vallees-beauzac.com\/?page_id=9"},"modified":"2013-06-29T19:54:29","modified_gmt":"2013-06-29T18:54:29","slug":"blog","status":"publish","type":"page","link":"https:\/\/www.ecuriesdes3vallees-beauzac.com\/?page_id=9","title":{"rendered":"Acc\u00e8s"},"content":{"rendered":"<p style=\"text-align: left;\" align=\"center\">Le centre \u00e9questre des \u00c9curies des 3 Vall\u00e9es se situe en Haute-Loire sur la commune de Beauzac au lieu-dit Chazelet.<\/p>\n<p><iframe loading=\"lazy\" src=\"https:\/\/maps.google.fr\/maps?f=q&amp;source=s_q&amp;hl=fr&amp;geocode=&amp;q=Chazelet,+Beauzac&amp;aq=0&amp;oq=chazelet+beauza&amp;sll=46.22475,2.0517&amp;sspn=15.022113,43.286133&amp;t=h&amp;ie=UTF8&amp;hq=&amp;hnear=Chazelet,+Beauzac,+Haute-Loire,+Auvergne&amp;ll=45.268022,4.083643&amp;spn=0.029843,0.084543&amp;z=14&amp;output=embed\" height=\"350\" width=\"425\" frameborder=\"0\" marginwidth=\"0\" marginheight=\"0\" scrolling=\"no\"><\/iframe><br \/>\n<small><a style=\"color: #0000ff; text-align: left;\" href=\"https:\/\/maps.google.fr\/maps?f=q&amp;source=embed&amp;hl=fr&amp;geocode=&amp;q=Chazelet,+Beauzac&amp;aq=0&amp;oq=chazelet+beauza&amp;sll=46.22475,2.0517&amp;sspn=15.022113,43.286133&amp;t=h&amp;ie=UTF8&amp;hq=&amp;hnear=Chazelet,+Beauzac,+Haute-Loire,+Auvergne&amp;ll=45.268022,4.083643&amp;spn=0.029843,0.084543&amp;z=14\">Agrandir le plan<\/a><\/small><\/p>\n","protected":false},"excerpt":{"rendered":"<p>Le centre \u00e9questre des \u00c9curies des 3 Vall\u00e9es se situe en Haute-Loire sur la commune de Beauzac au lieu-dit Chazelet. Agrandir le plan<\/p>\n","protected":false},"author":1,"featured_media":0,"parent":0,"menu_order":3,"comment_status":"closed","ping_status":"closed","template":"full-width-page.php","meta":{"footnotes":""},"class_list":["post-9","page","type-page","status-publish","hentry"],"_links":{"self":[{"href":"https:\/\/www.ecuriesdes3vallees-beauzac.com\/index.php?rest_route=\/wp\/v2\/pages\/9","targetHints":{"allow":["GET"]}}],"collection":[{"href":"https:\/\/www.ecuriesdes3vallees-beauzac.com\/index.php?rest_route=\/wp\/v2\/pages"}],"about":[{"href":"https:\/\/www.ecuriesdes3vallees-beauzac.com\/index.php?rest_route=\/wp\/v2\/types\/page"}],"author":[{"embeddable":true,"href":"https:\/\/www.ecuriesdes3vallees-beauzac.com\/index.php?rest_route=\/wp\/v2\/users\/1"}],"replies":[{"embeddable":true,"href":"https:\/\/www.ecuriesdes3vallees-beauzac.com\/index.php?rest_route=%2Fwp%2Fv2%2Fcomments&post=9"}],"version-history":[{"count":21,"href":"https:\/\/www.ecuriesdes3vallees-beauzac.com\/index.php?rest_route=\/wp\/v2\/pages\/9\/revisions"}],"predecessor-version":[{"id":767,"href":"https:\/\/www.ecuriesdes3vallees-beauzac.com\/index.php?rest_route=\/wp\/v2\/pages\/9\/revisions\/767"}],"wp:attachment":[{"href":"https:\/\/www.ecuriesdes3vallees-beauzac.com\/index.php?rest_route=%2Fwp%2Fv2%2Fmedia&parent=9"}],"curies":[{"name":"wp","href":"https:\/\/api.w.org\/{rel}","templated":true}]}}