{"id":30,"date":"2013-03-25T21:05:59","date_gmt":"2013-03-25T20:05:59","guid":{"rendered":"http:\/\/www.ecuriesdes3vallees-beauzac.com\/?page_id=30"},"modified":"2024-02-01T17:03:48","modified_gmt":"2024-02-01T16:03:48","slug":"activitees","status":"publish","type":"page","link":"https:\/\/www.ecuriesdes3vallees-beauzac.com\/?page_id=30","title":{"rendered":"Activit\u00e9s"},"content":{"rendered":"<p style=\"text-align: center;\"><strong>Nous vous proposons une large gamme d&rsquo;activit\u00e9s, adapt\u00e9es \u00e0 votre \u00e2ge, votre niveau, et vos pr\u00e9f\u00e9rences.<\/strong><\/p>\n<p style=\"text-align: center;\">&#8212;&#8212;&#8212;&#8212;&#8212;&#8212;&#8212;&#8212;&#8212;&#8212;&#8212;&#8212;&#8212;&#8212;&#8212;&#8212;&#8212;&#8212;&#8212;&#8212;&#8212;&#8212;&#8212;&#8212;&#8212;&#8212;&#8212;&#8211;<\/p>\n<p style=\"text-align: center;\"><span style=\"color: #800000;\"><strong>PONEY CLUB<\/strong><\/span><\/p>\n<p style=\"text-align: center;\"><strong><em><span style=\"color: #000000;\"> Une approche ludique de l&rsquo;apprentissage de l&rsquo;\u00e9quitation<\/span><\/em><\/strong><\/p>\n<p style=\"text-align: center;\"><img loading=\"lazy\" decoding=\"async\" class=\"size-medium wp-image-3123 aligncenter\" src=\"http:\/\/www.ecuriesdes3vallees-beauzac.com\/.\/wp-content\/uploads\/2022\/03\/20220327_111343-300x225.jpg\" alt=\"\" width=\"300\" height=\"225\" srcset=\"https:\/\/www.ecuriesdes3vallees-beauzac.com\/.\/wp-content\/uploads\/2022\/03\/20220327_111343-300x225.jpg 300w, https:\/\/www.ecuriesdes3vallees-beauzac.com\/.\/wp-content\/uploads\/2022\/03\/20220327_111343-1024x768.jpg 1024w\" sizes=\"auto, (max-width: 300px) 100vw, 300px\" \/><\/p>\n<ul style=\"list-style-type: circle;\">\n<li style=\"text-align: justify;\"><span style=\"color: #000000;\"><strong>De 3 \u00e0 6 ans<\/strong> : S\u00e9ance de 45 min accompagn\u00e9e par les parents, comprenant 15 min de pr\u00e9paration du poney et 30 min de monte.<\/span><\/li>\n<\/ul>\n<ul style=\"text-align: justify; list-style-type: circle;\">\n<li><span style=\"color: #000000;\"><strong>De 7 \u00e0 13 ans :<\/strong> S\u00e9ance d&rsquo;1h30 comprenant 30 min de pratique autour du poney, et 1h de monte.<\/span><\/li>\n<\/ul>\n<ul style=\"list-style-type: circle;\">\n<li style=\"text-align: justify;\"><span style=\"color: #000000;\"><strong>Promenades en main :<\/strong> Location de poneys pour 1h de promenade, sur un circuit balis\u00e9 (pr\u00e9voir un\u00a0adulte par poney).<\/span><\/li>\n<\/ul>\n<p style=\"text-align: center;\"><img loading=\"lazy\" decoding=\"async\" class=\"size-medium wp-image-3291 aligncenter\" src=\"http:\/\/www.ecuriesdes3vallees-beauzac.com\/.\/wp-content\/uploads\/2022\/08\/DSCN3209-300x225.jpg\" alt=\"\" width=\"300\" height=\"225\" srcset=\"https:\/\/www.ecuriesdes3vallees-beauzac.com\/.\/wp-content\/uploads\/2022\/08\/DSCN3209-300x225.jpg 300w, https:\/\/www.ecuriesdes3vallees-beauzac.com\/.\/wp-content\/uploads\/2022\/08\/DSCN3209-1024x768.jpg 1024w\" sizes=\"auto, (max-width: 300px) 100vw, 300px\" \/><\/p>\n<p style=\"text-align: center;\">&#8212;&#8212;&#8212;&#8212;&#8212;&#8212;&#8212;&#8212;&#8212;&#8212;&#8212;&#8212;&#8212;&#8212;&#8212;&#8212;&#8212;&#8212;&#8212;&#8212;&#8212;&#8212;&#8212;&#8212;&#8212;&#8212;&#8212;&#8211;<\/p>\n<p style=\"text-align: center;\"><span style=\"color: #800000;\"><strong>CHEVAL CLUB<\/strong><\/span><\/p>\n<p style=\"text-align: center;\"><em><span style=\"color: #000000;\"><strong>Du cavalier d\u00e9butant au cava<\/strong><\/span><\/em><em><span style=\"color: #000000;\"><strong>lier confirm\u00e9<\/strong><\/span><\/em><\/p>\n<ul style=\"list-style-type: circle;\">\n<li><span style=\"color: #000000;\"><strong>Cours collectifs d&rsquo;1h00 :<\/strong> Des activit\u00e9s vari\u00e9es, adapt\u00e9es \u00e0 votre niveau, de l&rsquo;initiation au perfectionnement.<\/span><\/li>\n<\/ul>\n<p><em style=\"text-align: center;\"><strong><img loading=\"lazy\" decoding=\"async\" class=\"size-medium wp-image-3564 aligncenter\" src=\"http:\/\/www.ecuriesdes3vallees-beauzac.com\/.\/wp-content\/uploads\/2023\/06\/20230528_171540-300x225.jpg\" alt=\"\" width=\"300\" height=\"225\" srcset=\"https:\/\/www.ecuriesdes3vallees-beauzac.com\/.\/wp-content\/uploads\/2023\/06\/20230528_171540-300x225.jpg 300w, https:\/\/www.ecuriesdes3vallees-beauzac.com\/.\/wp-content\/uploads\/2023\/06\/20230528_171540-768x576.jpg 768w, https:\/\/www.ecuriesdes3vallees-beauzac.com\/.\/wp-content\/uploads\/2023\/06\/20230528_171540-1024x768.jpg 1024w\" sizes=\"auto, (max-width: 300px) 100vw, 300px\" \/>\u00a0<\/strong><\/em><\/p>\n<p style=\"text-align: center;\">&#8212;&#8212;&#8212;&#8212;&#8212;&#8212;&#8212;&#8212;&#8212;&#8212;&#8212;&#8212;&#8212;&#8212;&#8212;&#8212;&#8212;&#8212;&#8212;&#8212;&#8212;&#8212;&#8212;&#8212;&#8212;&#8212;&#8212;&#8211;<\/p>\n<p style=\"text-align: center;\">\u00a0<span style=\"color: #800000;\"><strong>\u00a0 CENTRE DE TOURISME EQUESTRE<\/strong><\/span><\/p>\n<ul style=\"list-style-type: circle;\">\n<li><span style=\"color: #000000;\"><strong>Initiation et perfectionnement \u00e0 l&rsquo;\u00e9quitation d&rsquo;ext\u00e9rieur : <\/strong>Travail en Terrain Vari\u00e9, TREC, passage des galops pleine nature.<\/span><\/li>\n<\/ul>\n<p><img loading=\"lazy\" decoding=\"async\" class=\"size-medium wp-image-3059 aligncenter\" src=\"http:\/\/www.ecuriesdes3vallees-beauzac.com\/.\/wp-content\/uploads\/2021\/10\/20211016_152020-300x225.jpg\" alt=\"\" width=\"300\" height=\"225\" srcset=\"https:\/\/www.ecuriesdes3vallees-beauzac.com\/.\/wp-content\/uploads\/2021\/10\/20211016_152020-300x225.jpg 300w, https:\/\/www.ecuriesdes3vallees-beauzac.com\/.\/wp-content\/uploads\/2021\/10\/20211016_152020-1024x768.jpg 1024w\" sizes=\"auto, (max-width: 300px) 100vw, 300px\" \/><\/p>\n<ul style=\"list-style-type: circle;\">\n<li><strong><span style=\"color: #000000;\">Balade de 1h, 1h30 ou 2h.\u00a0 \u00a0 \u00a0 \u00a0 \u00a0 \u00a0 \u00a0 \u00a0 \u00a0 \u00a0 \u00a0 \u00a0 \u00a0 \u00a0 \u00a0 \u00a0 \u00a0 \u00a0 \u00a0 \u00a0 \u00a0 \u00a0 \u00a0 \u00a0 \u00a0 \u00a0 \u00a0 \u00a0 \u00a0 \u00a0 \u00a0 \u00a0 \u00a0 \u00a0 \u00a0 \u00a0 \u00a0 \u00a0 \u00a0 \u00a0 \u00a0 <\/span><\/strong><strong><span style=\"color: #000000;\">\u00a0 <img loading=\"lazy\" decoding=\"async\" class=\"size-medium wp-image-3640 aligncenter\" src=\"http:\/\/www.ecuriesdes3vallees-beauzac.com\/.\/wp-content\/uploads\/2023\/07\/20230715_142828-300x300.jpg\" alt=\"\" width=\"300\" height=\"300\" srcset=\"https:\/\/www.ecuriesdes3vallees-beauzac.com\/.\/wp-content\/uploads\/2023\/07\/20230715_142828-300x300.jpg 300w, https:\/\/www.ecuriesdes3vallees-beauzac.com\/.\/wp-content\/uploads\/2023\/07\/20230715_142828-150x150.jpg 150w, https:\/\/www.ecuriesdes3vallees-beauzac.com\/.\/wp-content\/uploads\/2023\/07\/20230715_142828-768x768.jpg 768w, https:\/\/www.ecuriesdes3vallees-beauzac.com\/.\/wp-content\/uploads\/2023\/07\/20230715_142828-1024x1024.jpg 1024w\" sizes=\"auto, (max-width: 300px) 100vw, 300px\" \/><\/span><\/strong><\/li>\n<\/ul>\n<ul style=\"list-style-type: circle;\">\n<li><strong><span style=\"color: #000000;\">Randonn\u00e9es \u00e0 la journ\u00e9e ou sur plusieurs jours<\/span><\/strong><\/li>\n<\/ul>\n<p style=\"text-align: center;\">\u00a0&#8212;&#8212;&#8212;&#8212;&#8212;&#8212;&#8212;&#8212;&#8212;&#8212;&#8212;&#8212;&#8212;&#8212;&#8212;&#8212;&#8212;&#8212;&#8212;&#8212;&#8212;&#8212;&#8212;&#8212;&#8212;&#8212;&#8212;&#8211;<\/p>\n<p style=\"text-align: center;\"><span style=\"color: #800000;\"><strong>STAGES<\/strong><\/span><\/p>\n<p style=\"text-align: center;\"><em><span style=\"color: #000000;\"><strong>A la journ\u00e9e, ou \u00e0 la semaine<\/strong><\/span><\/em><\/p>\n<ul style=\"list-style-type: circle;\">\n<li><span style=\"color: #000000;\"><strong>Stages Loisirs :<\/strong> En fonction du niveau et des demandes du groupe, c&rsquo;est l&rsquo;occasion de s&rsquo;initier \u00e0 de nouvelles disciplines (voltige, jeux, promenades, TREC&#8230;)<img loading=\"lazy\" decoding=\"async\" class=\"size-medium wp-image-3185 aligncenter\" src=\"http:\/\/www.ecuriesdes3vallees-beauzac.com\/.\/wp-content\/uploads\/2022\/06\/20220605_145706-300x225.jpg\" alt=\"\" width=\"300\" height=\"225\" srcset=\"https:\/\/www.ecuriesdes3vallees-beauzac.com\/.\/wp-content\/uploads\/2022\/06\/20220605_145706-300x225.jpg 300w, https:\/\/www.ecuriesdes3vallees-beauzac.com\/.\/wp-content\/uploads\/2022\/06\/20220605_145706-1024x768.jpg 1024w\" sizes=\"auto, (max-width: 300px) 100vw, 300px\" \/><\/span><\/li>\n<\/ul>\n<ul style=\"list-style-type: circle;\">\n<li><strong><span style=\"color: #000000;\">Stages de pr\u00e9paration et passage des Galops F\u00e9d\u00e9raux<\/span> <\/strong><\/li>\n<\/ul>\n<p><img loading=\"lazy\" decoding=\"async\" class=\"size-medium wp-image-3192 aligncenter\" src=\"http:\/\/www.ecuriesdes3vallees-beauzac.com\/.\/wp-content\/uploads\/2022\/06\/20220605_164312-300x225.jpg\" alt=\"\" width=\"300\" height=\"225\" srcset=\"https:\/\/www.ecuriesdes3vallees-beauzac.com\/.\/wp-content\/uploads\/2022\/06\/20220605_164312-300x225.jpg 300w, https:\/\/www.ecuriesdes3vallees-beauzac.com\/.\/wp-content\/uploads\/2022\/06\/20220605_164312-1024x768.jpg 1024w\" sizes=\"auto, (max-width: 300px) 100vw, 300px\" \/><\/p>\n<p style=\"text-align: center;\">&#8212;&#8212;&#8212;&#8212;&#8212;&#8212;&#8212;&#8212;&#8212;&#8212;&#8212;&#8212;&#8212;&#8212;&#8212;&#8212;&#8212;&#8212;&#8212;&#8212;&#8212;&#8212;&#8212;&#8212;&#8212;&#8212;&#8212;&#8211;<\/p>\n<p style=\"text-align: center;\"><strong><span style=\"color: #000000;\">Scolaires, Centre de Loisirs, Colonies&#8230;, pour vos journ\u00e9es d&rsquo;animations, TARIFS PR\u00c9F\u00c9RENTIELS!!!<\/span><\/strong><\/p>\n<p style=\"text-align: center;\"><strong><span style=\"color: #000000;\">\u00a0Consultez-nous&#8230;<\/span><\/strong><\/p>\n","protected":false},"excerpt":{"rendered":"<p>Nous vous proposons une large gamme d&rsquo;activit\u00e9s, adapt\u00e9es \u00e0 votre \u00e2ge, votre niveau, et vos pr\u00e9f\u00e9rences. &#8212;&#8212;&#8212;&#8212;&#8212;&#8212;&#8212;&#8212;&#8212;&#8212;&#8212;&#8212;&#8212;&#8212;&#8212;&#8212;&#8212;&#8212;&#8212;&#8212;&#8212;&#8212;&#8212;&#8212;&#8212;&#8212;&#8212;&#8211; PONEY CLUB Une approche ludique de l&rsquo;apprentissage de l&rsquo;\u00e9quitation De 3 \u00e0 6 ans : S\u00e9ance de 45 min accompagn\u00e9e par les parents, comprenant 15 min de pr\u00e9paration du poney et 30 min de monte. De 7 \u00e0 [&hellip;]<\/p>\n","protected":false},"author":1,"featured_media":0,"parent":0,"menu_order":1,"comment_status":"closed","ping_status":"closed","template":"full-width-page.php","meta":{"footnotes":""},"class_list":["post-30","page","type-page","status-publish","hentry"],"_links":{"self":[{"href":"https:\/\/www.ecuriesdes3vallees-beauzac.com\/index.php?rest_route=\/wp\/v2\/pages\/30","targetHints":{"allow":["GET"]}}],"collection":[{"href":"https:\/\/www.ecuriesdes3vallees-beauzac.com\/index.php?rest_route=\/wp\/v2\/pages"}],"about":[{"href":"https:\/\/www.ecuriesdes3vallees-beauzac.com\/index.php?rest_route=\/wp\/v2\/types\/page"}],"author":[{"embeddable":true,"href":"https:\/\/www.ecuriesdes3vallees-beauzac.com\/index.php?rest_route=\/wp\/v2\/users\/1"}],"replies":[{"embeddable":true,"href":"https:\/\/www.ecuriesdes3vallees-beauzac.com\/index.php?rest_route=%2Fwp%2Fv2%2Fcomments&post=30"}],"version-history":[{"count":38,"href":"https:\/\/www.ecuriesdes3vallees-beauzac.com\/index.php?rest_route=\/wp\/v2\/pages\/30\/revisions"}],"predecessor-version":[{"id":3846,"href":"https:\/\/www.ecuriesdes3vallees-beauzac.com\/index.php?rest_route=\/wp\/v2\/pages\/30\/revisions\/3846"}],"wp:attachment":[{"href":"https:\/\/www.ecuriesdes3vallees-beauzac.com\/index.php?rest_route=%2Fwp%2Fv2%2Fmedia&parent=30"}],"curies":[{"name":"wp","href":"https:\/\/api.w.org\/{rel}","templated":true}]}}